 -58 - (64 + (-136 - -64)).
-50
What is -1 - 1 - ((-93 - -10) + 65)?
16
What is the value of (51 - (28 - 21) - 16) + -11?
17
Evaluate (2855 - 2937) + (3 - -103).
24
What is 12 + 1 + -1 + -13 - -62?
61
-33 - (-4 - (-38 + (-21 - -54 - 11)))
-45
Calculate 60 - (-24 + 6 - (-11 + -30)).
37
Evaluate 71 + 29 + -69 + 9 - -12.
52
1 - -152 - (26 - (-61 - -56))
122
What is the value of (-77 - (0 - 2 - -8)) + (-48 - -30 - -25)?
-76
Calculate (6 - -3) + -7 + 59 + -143.
-82
Calculate -32 - (-13 - (-22 + 9 + -12)).
-44
(-82 - (-159 - -77)) + 35
35
What is -18 + (26 - 23 - (-12 - -37))?
-40
(8 - (20 + 5)) + 28 + -10
1
-12 + -1 + (-4 - -60) - 4
39
Evaluate (-27 - 1) + 1 + (10 - (6 - (5 + -3))).
-21
What is -1 + 19 - (1578 - 1617)?
57
What is 26 - (-32 - -145) - -76?
-11
What is 40 - (443 + -428 + (2 - -1))?
22
(55 - (-39 - -53)) + -67
-26
Evaluate -13 + (0 - -2) + (-104 - (-187 + 72)).
0
Calculate 14 + 15 + -6 + -10 - -3 - -31.
47
13 - (-8 - (-7 + -6 + 5) - -14 - 114)
113
Calculate (11 - 2) + 10 - 60.
-41
What is the value of 20 + 5 + 43 + -60?
8
Evaluate 0 - 27 - (-126 - (-328 - -218)).
-11
What is the value of 16 + 21 + (-15 - -13) - 18?
17
What is -115 + (245 - 120) - (-1 + 28)?
-17
(80 - 25 - (1 - 7)) + (-10 - (-9 + 7))
53
Calculate 16 + 1 - (50 + -72 - -39).
0
Calculate -4 + (-13 - (-42 + -3 + 21)).
7
Evaluate -59 - ((-3 - 6) + -19 + 34) - -12.
-53
What is the value of (-16 - 0) + 0 + -116 + 309 + -64?
113
Calculate 4 - 20 - (-11 + -3) - (9 + -9).
-2
Evaluate (3 + 3 - -5) + (118 - 91).
38
What is the value of (26 - 20) + 27 + (-4 - (-1 + 2 + 3))?
25
-9 + 10 + -1 - 75 - (-21 - (-12 - 3))
-69
Calculate 77 + -51 + 38 + -30.
34
Calculate ((6 - 6) + 4 - (2 - (-9 - -8))) + -85.
-84
Evaluate 130 + -54 + 32 - 70.
38
What is the value of -2 + 28 - (68 + -68 - -14)?
12
Evaluate 52 + 63 + -68 + -64.
-17
What is (-30 - 1) + -35 + 231 + -177 + (0 - 1)?
-13
18 + (15 - -1) + -6 - 13 - 37
-22
Evaluate 0 + 2 - -2 - (0 + 26 - (59 + 11)).
48
Evaluate -1 - (26 - (7 - (-6 + 3))) - 23.
-40
What is the value of 14 - (-20 + (27 - 21))?
28
Evaluate -21 + 18 + 19 + -9 - ((0 - -3) + 69).
-65
Calculate -21 + 25 + (1 - (-15 + 67)).
-47
What is 15 + (-3 - (144 + -25 + -10))?
-97
Calculate -112 + 16 + 142 - (1 + 14).
31
-47 + 0 + (-2 - -35 - 23 - 0) + -1
-38
-32 + -3 + -1 - 14 - (-1 - (1 + -2))
-50
What is 7 - 3 - (-74 + 106)?
-28
Calculate -1775 - -1776 - (34 + -2).
-31
Calculate 152 + -292 + 189 + -36 + -1.
12
What is -92 + 144 + -67 + -12?
-27
What is -17 - (20 - 3) - (18 - 8)?
-44
-8 + (5 + -16 - (-13 - -6) - 98)
-110
Evaluate (32 - (16 + 12)) + (-2 - 0) + -5.
-3
Evaluate -8 + (-290 - -288 - (-5 + 1 + (15 - 6))).
-15
Evaluate 3 + ((-22 - -37) + (-2 - 3) - 54) + 0.
-41
8 - (4 + -32) - 21
15
Calculate -17 - (102 + (1 + -32 - -18) - 13).
-93
What is the value of 1 + -8 + 67 + (5 - 22)?
43
What is (-41 - (4 + 54)) + 24?
-75
What is 286 + -233 + (-28 - -5)?
30
Calculate -31 - (-5 - (27 + 6 + -17)).
-10
Calculate (1 - 10) + (35 - (59 - -10) - -33).
-10
What is 1 - 8 - (-9 + 1) - (20 - 8 - -2)?
-13
Calculate 7 - (-24 - (0 - (-20 + 55))).
-4
Calculate (-1 - 19) + (-64 - (0 + -69)) - 2.
-17
What is the value of 74 - (131 - (-4 + 83))?
22
Calculate (24 - (149 - 109)) + (4 - 40).
-52
-1 + (-9 - -19) + 4 + -34 + -83
-104
294 - 567 - -350 - (4 - (1 - 0))
74
-3 - (139 - 135 - (62 + (2 - 2)))
55
Calculate -2 - -17 - ((79 - -8) + -71).
-1
Evaluate (-1 + 2 + -29 - (-1097 + 1112)) + -23.
-66
What is -193 - -189 - ((2 - -1) + 39 + 3) - -9?
-40
Calculate (-26 - -15) + (-2 - -17) + 10 + -14 + 14.
14
Calculate 3 + -22 + (259 - 198).
42
What is (6 - 1) + 649 + -639 + (5 - 68)?
-48
(46 - (43 - 3) - (-47 + 0)) + 15
68
What is -461 + 457 + -1 + 2 + 4 + -34?
-33
What is -103 - (0 - (131 + -93))?
-65
Evaluate (-9 - -76 - (10 - 1)) + (-202 - -198).
54
What is the value of 0 + (-11 - (-19 + 29 + -11)) + (-1 - -32)?
21
Evaluate 21 - (56 - ((16 - 35) + 15)).
-39
-27 + 22 + 30 - 20 - -64
69
Calculate (6 - (3 + 9)) + -170 + 176.
0
What is 13 - (-20 - (-63 + 40))?
10
Evaluate 46 + 20 + (19 - 8) + -31.
46
-16 + (-46 - -13) + (-1 - ((2 - 1) + 7))
-58
What is (7 - 2) + (-2 - 7) + -10 + (1 - -3)?
-10
Evaluate (-2 - (-35 + 4)) + 52 + -79 + 51 + 1.
54
What is 0 + 22 - (23 + 5 + (-34 - -14))?
14
Calculate 24756 - 24909 - (1 - 86).
-68
1 + -11 + -1 - (334 + -161 + -162)
-22
Evaluate 81 - (20 + (-23 - (15 + -3 - 20))).
76
Calculate (3 + 9 + -7 - (-4 - -15)) + -3.
-9
What is 39 + -54 + (-132 + 17 + -10 - 3)?
-143
Calculate -15 + -80 - (-211 + 40).
76
(1 - (-30 + (22 - (-8 - -18)))) + 12
31
Evaluate -49 - (-110 - 8) - 104.
-35
Evaluate (-68 - (-30 + -92)) + -1 + -16.
37
(23 - (-10 + 34)) + (-12 - -2) - -98
87
25 + -54 + -30 + 73
14
Calculate (32 - (8 - -22) - 27) + 11 + (2 - 1).
-13
What is the value of (2489 - 2445) + -13 + -1?
30
What is the value of (132 - 14) + 3 - ((81 - 90) + (17 - -1))?
112
17 + (-120 - -177) + 3 + 11
88
112 + (-2 - -10) + -82 + 78 + 0
116
Calculate -6 + -27 + (12 + 14 - 18).
-25
What is the value of 2 + 14 - (340 - 302)?
-22
Evaluate 13 + (13 - 85 - -55).
-4
What is the value of 27 + (0 - 19) - (59 + -1) - 12?
-62
-60 + (-8 + 16 - (15 + (-4 - 14)))
-49
What is -847 - -829 - (-3 + -125 - (-2 + -4))?
104
Calculate -117 + -11 + (-733 - -724).
-137
160 + -137 - (-25 + 4 + -3)
47
What is the value of -694 - -671 - (-3 - -5)?
-25
What is the value of (10 - -2 - 19) + 58?
51
What is the value of (58 - -3) + (54 - 50) + 7?
72
What is the value of 2 + 4 + (-1 - 11) + 6 - (-33 + -18)?
51
(418 - 433) + (6 - (15 + 4))
-28
Evaluate 4 + -16 + (38 - -66) - 26.
66
Calculate -132 + (188 - (263 - 150)).
-57
Calculate (15 - 4 - (-8 - -31)) + (50 - -7).
45
Evaluate (-7 - -8 - -2 - 4) + (-9 - -6).
-4
Calculate 2 + (-165 + (-4 - (-3 - (9 + 2))) - -13).
-140
-83 + (231 - 52) + -105
-9
Evaluate -1 + (-27 - -3) + -11.
-36
What is the value of -1 + 46 + -2 - (-22 + 28)?
37
Evaluate -20 - (-19 - (-109 + 18 - 15) - 17).
-90
Evaluate 2 - (7 - (5 + -2 - (105 + -92))).
-15
What is -14 + (3 - -49) - 41?
-3
9 + 0 - (17 + -59 + -13 + -3)
67
Calculate -2955 + 2962 - (-8 + 4 - (-126 - 2)).
-117
(-23 + 36 - (-31 - -50)) + 8
2
Evaluate 7 + ((24 - (-2 - -13)) + -13 - -13).
20
Evaluate -2 + -1 + 8 + 29 - 16.
18
(-36 - -16 - -65) + (2 - 7)
40
Evaluate 7 + 91 + 93 + -92 + -22.
77
What is the value of (-7 - 0) + (473 - 436)?
30
What is (-20 - ((43 - 35) + 88)) + 43?
-73
Calculate 74 - (-25 - -38) - (4 + 5).
52
What is the value of 9 + -4 + 14 + (-14 + 4 - -4) + -91?
-78
Evaluate 49 + (-1 - -3) - (859 + -846 - (2 - -4)).
44
Calculate -41 + 0 - (-871 - -832).
-2
8230 + -8255 + (3 + 0 - 0 - 18)
-40
Calculate (179 - 174) + (6 - (0 + 0)) + 34 + 10.
55
Calculate 14 + -25 + (8 - -6) - 36.
-33
Calculate (-91 - -23) + (55 - 57).
-70
Calculate -171 + 180 + (6 - 0).
15
Calculate (-8 + 16 + -14 - -11) + -4 + 20.
21
What is the value of 278 + -261 + (2 - 0) + (1 - 13) - 8?
-1
Evaluate (2 - ((-4 - -3) + 0)) + 5 - (15 + 78).
-85
Evaluate -10 - -6 - ((-1 - -79) + 217 + -233).
-66
What is the value of 41 - (9 + -8 + (30 - 32))?
42
What is the value of 4 - ((4 - 3) + 8 + -12 + 16)?
-9
Evaluate -6 + 7 + -3 + -15 + (3 - 7) + 7.
-14
What is the value of -180 + 134 + 100 + -2 + -12?
40
Calculate -2 + -80 + (7867 - 7879).
-94
(-2 + -2 - -10) + 4 + 33 + -7
36
What is the value of -3626 - -3549 - (-77 - 0)?
0
Evaluate -52 + 67 + (4 + 1 + 1 - -9).
30
What is the value of -72 - (-18 - 49) - (-46 + 5)?
36
(-11 + 3 - 1 - (-14 + -1)) + 10
16
Evaluate -3 + 4 + 19 + 12 + 29 - -11.
72
What is 10 + -16 - -1 - ((-2 - -13) + (-39 - -40))?
-17
What is (-38 - -45 - 16) + 27?
18
What is the value of 10 + -48 + 19 + 78?
59
What is 27 + (103 - 236) + 218?
112
What is the value of -1 + -69 + (174 - (49 - -124))?
-69
-2 + (-3 - -3) - (1582 + -1554)
-30
Evaluate (-17 + -1 - (229 - 244)) + -2 + 9 - 20.
-16
Evaluate 1534 + -1529 + -69 + 1.
-63
Evaluate -119 + 49 + 16 + 109.
55
What is the value of (-56 - (-18 + 43 + -42)) + (-14 - 1)?
-54
What is 3 + -5 + 1 - -51 - (-2011 - -2008)?
53
Calculate 35 + -72 + (-2 - 5 - (2 + 2 + -6)).
-42
What is -23 + -4 + 4 + 26 + (52 - -1)?
56
What is the value of -3 + (11 - 3) - (-4 - (-6 + (23 - -8)))?
34
What is (12 - 19) + 15 + (6 + (-4 - -5) - 28)?
-13
What is the value of 46 + -95 + 38 - -6?
-5
Calculate 0 + 1 + -11 + (131 - (160 - 47)) - 12.
-4
W